{"id":4763,"date":"2025-06-02T08:55:28","date_gmt":"2025-06-02T11:55:28","guid":{"rendered":"https:\/\/isef2-caba.infd.edu.ar\/sitio\/?page_id=4763"},"modified":"2026-04-17T06:48:08","modified_gmt":"2026-04-17T09:48:08","slug":"proyectos-institucionales","status":"publish","type":"page","link":"https:\/\/isef2-caba.infd.edu.ar\/sitio\/proyectos-institucionales\/","title":{"rendered":"Proyectos institucionales"},"content":{"rendered":"\n<div class=\"wp-block-columns alignwide is-layout-flex wp-container-4\" style=\"margin-bottom:0\">\n<div class=\"wp-block-column has-text-color has-background has-link-color wp-elements-28545abce73967a098d148d685346ba9 is-layout-flow\" style=\"color:#000000;background-color:#ffe97d;padding-top:2em;padding-right:2em;padding-bottom:2em;padding-left:2em\">\n<h2 class=\"wp-block-heading\" id=\"single\" style=\"font-size:40px\">Activa Salud<\/h2>\n\n\n\n<p class=\"has-normal-font-size\" style=\"line-height:1.5\">Activa Salud es un Programa de Actividad F\u00edsica para Adultos Mayores de 50 a\u00f1os. Surge en el a\u00f1o 2005 bajo la necesidad de generar un espacio en la comunidad educativa del Instituto Superior de Educaci\u00f3n F\u00edsica Federico Williams Dickens&nbsp; de practica pedag\u00f3gica en Educaci\u00f3n no Formal en los alumnos que cursan la asignatura AFATE (Actividad F\u00edsica para el Adulto y la Tercera Edad) y de esta forma promover h\u00e1bitos de vida saludable en los mayores de 50 a\u00f1os para preservar su autonom\u00eda.<\/p>\n\n\n\n<hr class=\"wp-block-separator has-text-color has-css-opacity has-background is-style-wide\" style=\"background-color:#000000;color:#000000\"\/>\n\n\n\n<ul class=\"has-normal-font-size\">\n<li><a href=\"https:\/\/isef2-caba.infd.edu.ar\/sitio\/activa-salud\/\" target=\"_blank\" rel=\"noreferrer noopener\" style=\"color: blue; text-decoration: underline;\">Click aqu\u00ed para acceder a la p\u00e1gina de Activa Salud<\/a><\/li>\n<\/ul>\n<\/div>\n\n\n\n<div class=\"wp-block-column has-text-color has-background has-link-color wp-elements-996b254bdbd643b9b1332815a3c99d86 is-layout-flow\" style=\"color:#000000;background-color:#d1d1e1;padding-top:2em;padding-right:2em;padding-bottom:2em;padding-left:2em\">\n<h2 class=\"wp-block-heading\" id=\"family\" style=\"font-size:40px\"><strong>Laboratorio de Actividad y Aptitud F\u00edsica \u00abLic. Pedro Giorno\u00bb<\/strong><\/h2>\n\n\n\n<p class=\"has-normal-font-size\" style=\"line-height:1.5\">En el Laboratorio se llevan a cabo actividades de&nbsp;capacitaci\u00f3n de nuestros alumnos, de investigaci\u00f3n, y de extensi\u00f3n.&nbsp;La finalidad de estas actividades es acrecentar el conocimiento de los estudiantes para que as\u00ed puedan realizar intervenciones profesionales exitosas. Adem\u00e1s estimulamos la investigaci\u00f3n para que, de este modo, no s\u00f3lo transmitamos el conocimiento sino tambi\u00e9n lo podamos construir<\/p>\n\n\n\n<hr class=\"wp-block-separator has-css-opacity is-style-wide\"\/>\n\n\n\n<ul class=\"has-normal-font-size\">\n<li><a rel=\"noreferrer noopener\" style=\"color: blue; text-decoration: underline;\" href=\"https:\/\/isef2-caba.infd.edu.ar\/sitio\/laboratorio\/\" target=\"_blank\">Presentacion<\/a><\/li>\n\n\n\n<li><a rel=\"noreferrer noopener\" style=\"color: blue; text-decoration: underline; \" href=\"https:\/\/isef2-caba.infd.edu.ar\/sitio\/publicaciones\/\" target=\"_blank\">Publicaciones<\/a><\/li>\n\n\n\n<li><a rel=\"noreferrer noopener\" style=\"color: blue; text-decoration: underline;\" href=\"https:\/\/isef2-caba.infd.edu.ar\/sitio\/bateria-dickens\/\" target=\"_blank\">Bater\u00eda Dickens<\/a><\/li>\n<\/ul>\n<\/div>\n\n\n\n<div class=\"wp-block-column has-text-color has-background has-link-color wp-elements-e8a5b76e831ec3e4e2d2c4b64188f869 is-layout-flow\" style=\"color:#000000;background-color:#c0ebf1;padding-top:2em;padding-right:2em;padding-bottom:2em;padding-left:2em\">\n<h2 class=\"wp-block-heading\" id=\"patron\" style=\"font-size:40px\"><strong>PROCEF<\/strong><\/h2>\n\n\n\n<p class=\"has-normal-font-size\">El PROCEF es el centro de producci\u00f3n de conocimiento del Instituto Superior de Educaci\u00f3n F\u00edsica Nro. 2 \u00abProf. Federico Williams Dickens\u00bb centrado en el estudio de problem\u00e1ticas educativas vinculadas a la Educaci\u00f3n F\u00edsica.<\/p>\n\n\n\n<hr class=\"wp-block-separator has-css-opacity is-style-wide\"\/>\n\n\n\n<ul class=\"has-normal-font-size\">\n<li><a rel=\"noreferrer noopener\" style=\"color: blue; text-decoration: underline;\" href=\"https:\/\/isef2-caba.infd.edu.ar\/sitio\/presentacion\/\" target=\"_blank\">Presentaci\u00f3n<\/a><\/li>\n\n\n\n<li><a rel=\"noreferrer noopener\" style=\"color: blue; text-decoration: underline;\" href=\"https:\/\/isef2-caba.infd.edu.ar\/sitio\/publicaciones-de-investigaciones-realizadas\/\" target=\"_blank\">Publicaciones<\/a><\/li>\n<\/ul>\n<\/div>\n<\/div>\n\n\n\n<hr class=\"wp-block-separator has-alpha-channel-opacity\"\/>\n\n\n\n<div class=\"wp-block-columns is-layout-flex wp-container-8\">\n<div class=\"wp-block-column has-text-color has-background has-link-color wp-elements-4bd0b8bc14b509fc4ba7a0723489726b is-layout-flow\" style=\"color:#000000;background-color:#d1d1e1;padding-top:2em;padding-right:2em;padding-bottom:2em;padding-left:2em\">\n<h2 class=\"wp-block-heading\" id=\"family\" style=\"font-size:40px\"><strong>Praxis corporales comunitarias<\/strong><\/h2>\n\n\n\n<p>\u00bfTe interesa conocer espacios donde la Educaci\u00f3n F\u00edsica transforma vidas?<br>Esta propuesta te invita a conocer actividades comunitarias en barrios, villas, hospitales, comedores y otros espacios donde la Educaci\u00f3n F\u00edsica es una herramienta de inclusi\u00f3n y derechos. Si quer\u00e9s visitar alg\u00fan espacio o saber m\u00e1s de la propuesta, cont\u00e1ctate con:<br><br>Profe Mart\u00edn: 11-5895-7389<\/p>\n\n\n\n<p>Profe Hugo: 11-6510-7700<\/p>\n\n\n\n<hr class=\"wp-block-separator has-css-opacity is-style-wide\"\/>\n\n\n\n<ul class=\"has-normal-font-size\">\n<li><a href=\"https:\/\/isef2-caba.infd.edu.ar\/sitio\/convocatoria-proyecto-praxis-corporales-comunitarias\/\" target=\"_blank\" rel=\"noreferrer noopener\" style=\"color: blue; text-decoration: underline;\">Conoce la convocatoria para el a\u00f1o 2025<\/a><\/li>\n\n\n\n<li><a rel=\"noreferrer noopener\" href=\"https:\/\/isef2-caba.infd.edu.ar\/sitio\/praxis-comunitarias\/\" target=\"_blank\" style=\"color: blue; text-decoration: underline;\">P\u00e1gina del  proyecto<\/a><\/li>\n\n\n\n<li><a rel=\"noreferrer noopener\" href=\"https:\/\/www.instagram.com\/praxis_corporales_comunitarias\" target=\"_blank\" style=\"color: blue; text-decoration: underline;\">Visitanos en Instagram<\/a><\/li>\n<\/ul>\n<\/div>\n\n\n\n<div class=\"wp-block-column has-text-color has-background has-link-color wp-elements-da68fff4fcaa11efaf7f8b01eace9f84 is-layout-flow\" style=\"color:#000000;background-color:#d4d4fa;padding-top:2em;padding-right:2em;padding-bottom:2em;padding-left:2em\">\n<h2 class=\"wp-block-heading\" id=\"family\" style=\"font-size:40px\"><strong>Equipo representativo de Handball<\/strong><\/h2>\n\n\n\n<p>En la actualidad el Instituto Dickens posee 2 planteles femeninos a cargo de los profesores<br>Martin Duhau y Micaela Balea, participando en diferentes divisionales de la FeMeBal<br>(Federaci\u00f3n metropolitana de Balonmano).<br>Los horarios de entrenamiento son los siguientes:<br> &#8211; Handball Intermedia; Prof. Balea, Martes y Jueves de 18.30 a 20.00hs. Contacto: micaela.balea@bue.edu.ar<br> &#8211; Handball Federativo; Prof. Duhau, martes y viernes de 20 a 21.30hs. Contacto: duhaumartin@institutodickens.edu.ar<\/p>\n\n\n\n<hr class=\"wp-block-separator has-css-opacity is-style-wide\"\/>\n\n\n\n<ul class=\"has-normal-font-size\">\n<li>Conoce el proyecto haciendo <a href=\"https:\/\/isef2-caba.infd.edu.ar\/sitio\/equipo-representativo-de-handball\/\" style=\"color: blue; text-decoration: underline;\">click aqui<\/a>.<\/li>\n\n\n\n<li>Visitanos en Instagram: <a rel=\"noreferrer noopener\" style=\"color: blue; text-decoration: underline;\" href=\"https:\/\/www.instagram.com\/dickenshandball\" target=\"_blank\">@dickenshandball<\/a> y <a rel=\"noreferrer noopener\" style=\"color: blue; text-decoration: underline;\" href=\"https:\/\/www.instagram.com\/dickenshandballinter\" target=\"_blank\">@dickenshandballinter<\/a><\/li>\n<\/ul>\n<\/div>\n\n\n\n<div class=\"wp-block-column has-text-color has-background has-link-color wp-elements-2594baf450a964b1f62d21e02b3d492f is-layout-flow\" style=\"color:#000000;background-color:#ffe97d;padding-top:2em;padding-right:2em;padding-bottom:2em;padding-left:2em\">\n<h2 class=\"wp-block-heading\" id=\"family\" style=\"font-size:40px\">La <strong>ESI en la Formaci\u00f3n Docente<\/strong> de la Educaci\u00f3n F\u00edsica<\/h2>\n\n\n\n<p class=\"has-normal-font-size\" style=\"line-height:1.5\">Pensar la Educaci\u00f3n F\u00edsica desde una perspectiva de g\u00e9nero presenta una infinidad de posibilidades para problematizar los estereotipos que se representan y perpet\u00faan desde la disciplina espec\u00edficamente, y en la sociedad en general.<\/p>\n\n\n\n<p class=\"has-normal-font-size\" style=\"line-height:1.5\">Las oportunidades que genera el abordaje cr\u00edtico de una disciplina como \u00e9sta -que trabaja desde y con los cuerpos- permite cuestionar las concepciones hegem\u00f3nicas sobre las que se han construido los conceptos de g\u00e9nero, sexo, sexualidad y cuerpo, permitiendo que les estudiantes en formaci\u00f3n y les docentes formadores adquieran las herramientas necesarias para garantizr derechEl objetivos es construir la transversalizaci\u00f3n de la ESI a toda la vida institucional, como lo propone el marco legal presente.<\/p>\n\n\n\n<hr class=\"wp-block-separator has-css-opacity is-style-wide\"\/>\n\n\n\n<ul class=\"has-normal-font-size\">\n<li>Conoce el proyecto haciendo <a href=\"https:\/\/isef2-caba.infd.edu.ar\/sitio\/esi-en-la-formacion-docente-de-la-educacion-fisica-sensibilizacion-con-toda-la-comunidad-del-dickens\/\" data-type=\"URL\" data-id=\"https:\/\/isef2-caba.infd.edu.ar\/sitio\/esi-en-la-formacion-docente-de-la-educacion-fisica-sensibilizacion-con-toda-la-comunidad-del-dickens\/\" target=\"_blank\" rel=\"noreferrer noopener\">click aqu\u00ed<\/a><\/li>\n\n\n\n<li><a href=\"https:\/\/isef2-caba.infd.edu.ar\/sitio\/jornadas-esi-2\/\" data-type=\"URL\" data-id=\"https:\/\/isef2-caba.infd.edu.ar\/sitio\/jornadas-esi-2\/\" target=\"_blank\" rel=\"noreferrer noopener\">Jornadas ESI<\/a><\/li>\n<\/ul>\n<\/div>\n<\/div>\n","protected":false},"excerpt":{"rendered":"<p>Activa Salud Activa Salud es un Programa de Actividad F\u00edsica para Adultos Mayores de 50 a\u00f1os. Surge en el a\u00f1o 2005 bajo la necesidad de generar un espacio en la comunidad educativa del Instituto Superior de Educaci\u00f3n F\u00edsica Federico Williams Dickens&nbsp; de practica pedag\u00f3gica en Educaci\u00f3n no Formal en los alumnos que cursan la asignatura &#8230; <a title=\"Proyectos institucionales\" class=\"read-more\" href=\"https:\/\/isef2-caba.infd.edu.ar\/sitio\/proyectos-institucionales\/\" aria-label=\"More on Proyectos institucionales\">[+]<\/a><\/p>\n","protected":false},"author":1468,"featured_media":0,"parent":0,"menu_order":0,"comment_status":"closed","ping_status":"closed","template":"","meta":[],"acf":[],"_links":{"self":[{"href":"https:\/\/isef2-caba.infd.edu.ar\/sitio\/wp-json\/wp\/v2\/pages\/4763"}],"collection":[{"href":"https:\/\/isef2-caba.infd.edu.ar\/sitio\/wp-json\/wp\/v2\/pages"}],"about":[{"href":"https:\/\/isef2-caba.infd.edu.ar\/sitio\/wp-json\/wp\/v2\/types\/page"}],"author":[{"embeddable":true,"href":"https:\/\/isef2-caba.infd.edu.ar\/sitio\/wp-json\/wp\/v2\/users\/1468"}],"replies":[{"embeddable":true,"href":"https:\/\/isef2-caba.infd.edu.ar\/sitio\/wp-json\/wp\/v2\/comments?post=4763"}],"version-history":[{"count":29,"href":"https:\/\/isef2-caba.infd.edu.ar\/sitio\/wp-json\/wp\/v2\/pages\/4763\/revisions"}],"predecessor-version":[{"id":5354,"href":"https:\/\/isef2-caba.infd.edu.ar\/sitio\/wp-json\/wp\/v2\/pages\/4763\/revisions\/5354"}],"wp:attachment":[{"href":"https:\/\/isef2-caba.infd.edu.ar\/sitio\/wp-json\/wp\/v2\/media?parent=4763"}],"curies":[{"name":"wp","href":"https:\/\/api.w.org\/{rel}","templated":true}]}}