{"id":4320,"date":"2025-02-24T09:20:23","date_gmt":"2025-02-24T12:20:23","guid":{"rendered":"https:\/\/isef2-caba.infd.edu.ar\/sitio\/?page_id=4320"},"modified":"2026-03-02T09:33:21","modified_gmt":"2026-03-02T12:33:21","slug":"matriculacion-y-cambio-de-turno-2026","status":"publish","type":"page","link":"https:\/\/isef2-caba.infd.edu.ar\/sitio\/matriculacion-y-cambio-de-turno-2026\/","title":{"rendered":"Matriculaci\u00f3n (OBLIGATORIA) y Cambio de turno 2026. Solo para 2\u00b0,3\u00b0 y 4\u00b0 A\u00d1O"},"content":{"rendered":"\n<p>Se encuentra abierta desde el d\u00eda Lunes 2\/03\/2026 hasta el miercoles 4\/3\/2026.<\/p>\n\n\n\n<p>La matriculaci\u00f3n para el a\u00f1o 2026 es OBLIGATORA. En base a la misma se armar\u00e1n los cursos correspondientes a cada comisi\u00f3n.<\/p>\n\n\n\n<p>La solicitud de CAMBIO DE TURNO se encuentra disponible en este formulario pero recuerden que deben matricularse en su turno y curso original.<\/p>\n\n\n\n<p>1\u00b0 A\u00f1o se matricular\u00e1 luego del examen de ingreso en las fechas publicadas en el calendario.<\/p>\n\n\n\n<p>Esto es solo para cursar materias del a\u00f1o que corresponda en forma regular. Para recusar se abrir\u00e1 un formulario los dias 12 y 13 de Marzo.<\/p>\n\n\n\n<p class=\"has-text-align-center has-accent-color has-base-background-color has-text-color has-background has-medium-font-size\"><a href=\"https:\/\/forms.gle\/k6NpLtH4GyGByWX68\" target=\"_blank\" rel=\"noreferrer noopener\">Formulario de Matriculaci\u00f3n<\/a><\/p>\n","protected":false},"excerpt":{"rendered":"<p>Se encuentra abierta desde el d\u00eda Lunes 2\/03\/2026 hasta el miercoles 4\/3\/2026. La matriculaci\u00f3n para el a\u00f1o 2026 es OBLIGATORA. En base a la misma se armar\u00e1n los cursos correspondientes a cada comisi\u00f3n. La solicitud de CAMBIO DE TURNO se encuentra disponible en este formulario pero recuerden que deben matricularse en su turno y curso &#8230; <a title=\"Matriculaci\u00f3n (OBLIGATORIA) y Cambio de turno 2026. Solo para 2\u00b0,3\u00b0 y 4\u00b0 A\u00d1O\" class=\"read-more\" href=\"https:\/\/isef2-caba.infd.edu.ar\/sitio\/matriculacion-y-cambio-de-turno-2026\/\" aria-label=\"More on Matriculaci\u00f3n (OBLIGATORIA) y Cambio de turno 2026. Solo para 2\u00b0,3\u00b0 y 4\u00b0 A\u00d1O\">[+]<\/a><\/p>\n","protected":false},"author":2051,"featured_media":0,"parent":0,"menu_order":0,"comment_status":"closed","ping_status":"closed","template":"","meta":[],"acf":[],"_links":{"self":[{"href":"https:\/\/isef2-caba.infd.edu.ar\/sitio\/wp-json\/wp\/v2\/pages\/4320"}],"collection":[{"href":"https:\/\/isef2-caba.infd.edu.ar\/sitio\/wp-json\/wp\/v2\/pages"}],"about":[{"href":"https:\/\/isef2-caba.infd.edu.ar\/sitio\/wp-json\/wp\/v2\/types\/page"}],"author":[{"embeddable":true,"href":"https:\/\/isef2-caba.infd.edu.ar\/sitio\/wp-json\/wp\/v2\/users\/2051"}],"replies":[{"embeddable":true,"href":"https:\/\/isef2-caba.infd.edu.ar\/sitio\/wp-json\/wp\/v2\/comments?post=4320"}],"version-history":[{"count":4,"href":"https:\/\/isef2-caba.infd.edu.ar\/sitio\/wp-json\/wp\/v2\/pages\/4320\/revisions"}],"predecessor-version":[{"id":5255,"href":"https:\/\/isef2-caba.infd.edu.ar\/sitio\/wp-json\/wp\/v2\/pages\/4320\/revisions\/5255"}],"wp:attachment":[{"href":"https:\/\/isef2-caba.infd.edu.ar\/sitio\/wp-json\/wp\/v2\/media?parent=4320"}],"curies":[{"name":"wp","href":"https:\/\/api.w.org\/{rel}","templated":true}]}}