{"id":3504,"date":"2023-05-23T12:20:56","date_gmt":"2023-05-23T15:20:56","guid":{"rendered":"https:\/\/isef2-caba.infd.edu.ar\/sitio\/?page_id=3504"},"modified":"2025-10-16T18:09:23","modified_gmt":"2025-10-16T21:09:23","slug":"tutorias","status":"publish","type":"page","link":"https:\/\/isef2-caba.infd.edu.ar\/sitio\/tutorias\/","title":{"rendered":"Tutor\u00edas y Coordinadores de tramo"},"content":{"rendered":"\n<p><\/p>\n\n\n\n<div class=\"wp-block-cover alignfull has-custom-content-position is-position-center-left\" style=\"margin-top:0;padding-top:6vw;padding-right:6vw;padding-bottom:6vw;padding-left:6vw\"><span aria-hidden=\"true\" class=\"wp-block-cover__background has-base-background-color has-background-dim-100 has-background-dim\"><\/span><div class=\"wp-block-cover__inner-container\">\n<div class=\"wp-block-group is-content-justification-center is-layout-flex wp-container-4\">\n<div class=\"wp-block-group alignwide wp-container-content-1 is-content-justification-left is-layout-constrained wp-container-2\"><div class=\"wp-block-group__inner-container\">\n<h2 class=\"wp-block-heading has-contrast-color has-text-color\">Tutor\u00edas y Coordinadores de tramo<\/h2>\n\n\n\n<p><\/p>\n\n\n\n<p class=\"has-contrast-color has-text-color\">Te presentamos al nuevo equipo de tutoras del Instituto. Somos Daniela Galluzo, Cristina Espetxe, Patricia Luj\u00e1n y Carolina del Cerro.<\/p>\n\n\n\n<p class=\"has-text-align-left has-contrast-color has-text-color\">A continuaci\u00f3n pod\u00e9s encontrar informaci\u00f3n sobre nuestras funciones, d\u00f3nde y cu\u00e1ndo encontrarnos.<\/p>\n\n\n\n<p class=\"has-contrast-color has-text-color\">\u00bfCu\u00e1ndo nos encuentran?<\/p>\n\n\n\n<p class=\"has-contrast-color has-text-color\">Patri (lunes de 10:30 a14:30 h)<\/p>\n\n\n\n<p class=\"has-contrast-color has-text-color\">Cris (martes de 15:45 a 19 h)<\/p>\n\n\n\n<p class=\"has-contrast-color has-text-color\">Dani (lunes de 10:00 a 14:00 h)<\/p>\n\n\n\n<p class=\"has-contrast-color has-text-color\">Caro (mi\u00e9rcoles 8:30 &#8211; 12:30 h)<\/p>\n\n\n\n<p class=\"has-contrast-color has-text-color\">Cualquier duda o consulta, escribribinos a <a href=\"mailto:isef2.tutorias@bue.edu.ar\">isef2.tutorias@bue.edu.ar<\/a><\/p>\n\n\n<div class=\"wp-block-image\">\n<figure class=\"aligncenter size-full\"><img decoding=\"async\" loading=\"lazy\" width=\"1080\" height=\"1350\" src=\"https:\/\/isef2-caba.infd.edu.ar\/sitio\/wp-content\/uploads\/2025\/10\/Carrusel-de-consejos-para-dentista-ilustrado-blanco-y-turquesa-1-3.png\" alt=\"\" class=\"wp-image-5103\" srcset=\"https:\/\/isef2-caba.infd.edu.ar\/sitio\/wp-content\/uploads\/2025\/10\/Carrusel-de-consejos-para-dentista-ilustrado-blanco-y-turquesa-1-3.png 1080w, https:\/\/isef2-caba.infd.edu.ar\/sitio\/wp-content\/uploads\/2025\/10\/Carrusel-de-consejos-para-dentista-ilustrado-blanco-y-turquesa-1-3-800x1000.png 800w, https:\/\/isef2-caba.infd.edu.ar\/sitio\/wp-content\/uploads\/2025\/10\/Carrusel-de-consejos-para-dentista-ilustrado-blanco-y-turquesa-1-3-768x960.png 768w\" sizes=\"(max-width: 1080px) 100vw, 1080px\" \/><\/figure><\/div>\n\n<div class=\"wp-block-image\">\n<figure class=\"aligncenter size-full\"><img decoding=\"async\" loading=\"lazy\" width=\"1080\" height=\"1350\" src=\"https:\/\/isef2-caba.infd.edu.ar\/sitio\/wp-content\/uploads\/2025\/10\/Carrusel-de-consejos-para-dentista-ilustrado-blanco-y-turquesa-2-3.png\" alt=\"\" class=\"wp-image-5104\" srcset=\"https:\/\/isef2-caba.infd.edu.ar\/sitio\/wp-content\/uploads\/2025\/10\/Carrusel-de-consejos-para-dentista-ilustrado-blanco-y-turquesa-2-3.png 1080w, https:\/\/isef2-caba.infd.edu.ar\/sitio\/wp-content\/uploads\/2025\/10\/Carrusel-de-consejos-para-dentista-ilustrado-blanco-y-turquesa-2-3-800x1000.png 800w, https:\/\/isef2-caba.infd.edu.ar\/sitio\/wp-content\/uploads\/2025\/10\/Carrusel-de-consejos-para-dentista-ilustrado-blanco-y-turquesa-2-3-768x960.png 768w\" sizes=\"(max-width: 1080px) 100vw, 1080px\" \/><\/figure><\/div>\n\n<div class=\"wp-block-image\">\n<figure class=\"aligncenter size-full\"><img decoding=\"async\" loading=\"lazy\" width=\"1080\" height=\"1350\" src=\"https:\/\/isef2-caba.infd.edu.ar\/sitio\/wp-content\/uploads\/2025\/10\/Carrusel-de-consejos-para-dentista-ilustrado-blanco-y-turquesa-3-2.png\" alt=\"\" class=\"wp-image-5105\" srcset=\"https:\/\/isef2-caba.infd.edu.ar\/sitio\/wp-content\/uploads\/2025\/10\/Carrusel-de-consejos-para-dentista-ilustrado-blanco-y-turquesa-3-2.png 1080w, https:\/\/isef2-caba.infd.edu.ar\/sitio\/wp-content\/uploads\/2025\/10\/Carrusel-de-consejos-para-dentista-ilustrado-blanco-y-turquesa-3-2-800x1000.png 800w, https:\/\/isef2-caba.infd.edu.ar\/sitio\/wp-content\/uploads\/2025\/10\/Carrusel-de-consejos-para-dentista-ilustrado-blanco-y-turquesa-3-2-768x960.png 768w\" sizes=\"(max-width: 1080px) 100vw, 1080px\" \/><\/figure><\/div>\n\n<div class=\"wp-block-image\">\n<figure class=\"aligncenter size-full\"><img decoding=\"async\" loading=\"lazy\" width=\"1080\" height=\"1350\" src=\"https:\/\/isef2-caba.infd.edu.ar\/sitio\/wp-content\/uploads\/2025\/10\/Carrusel-de-consejos-para-dentista-ilustrado-blanco-y-turquesa-4-1.png\" alt=\"\" class=\"wp-image-5106\" srcset=\"https:\/\/isef2-caba.infd.edu.ar\/sitio\/wp-content\/uploads\/2025\/10\/Carrusel-de-consejos-para-dentista-ilustrado-blanco-y-turquesa-4-1.png 1080w, https:\/\/isef2-caba.infd.edu.ar\/sitio\/wp-content\/uploads\/2025\/10\/Carrusel-de-consejos-para-dentista-ilustrado-blanco-y-turquesa-4-1-800x1000.png 800w, https:\/\/isef2-caba.infd.edu.ar\/sitio\/wp-content\/uploads\/2025\/10\/Carrusel-de-consejos-para-dentista-ilustrado-blanco-y-turquesa-4-1-768x960.png 768w\" sizes=\"(max-width: 1080px) 100vw, 1080px\" \/><\/figure><\/div><\/div><\/div>\n\n\n\n<div class=\"wp-block-group is-content-justification-right is-nowrap is-layout-flex wp-container-3\"><\/div>\n<\/div>\n<\/div><\/div>\n","protected":false},"excerpt":{"rendered":"","protected":false},"author":1468,"featured_media":0,"parent":0,"menu_order":0,"comment_status":"closed","ping_status":"closed","template":"","meta":[],"acf":[],"_links":{"self":[{"href":"https:\/\/isef2-caba.infd.edu.ar\/sitio\/wp-json\/wp\/v2\/pages\/3504"}],"collection":[{"href":"https:\/\/isef2-caba.infd.edu.ar\/sitio\/wp-json\/wp\/v2\/pages"}],"about":[{"href":"https:\/\/isef2-caba.infd.edu.ar\/sitio\/wp-json\/wp\/v2\/types\/page"}],"author":[{"embeddable":true,"href":"https:\/\/isef2-caba.infd.edu.ar\/sitio\/wp-json\/wp\/v2\/users\/1468"}],"replies":[{"embeddable":true,"href":"https:\/\/isef2-caba.infd.edu.ar\/sitio\/wp-json\/wp\/v2\/comments?post=3504"}],"version-history":[{"count":32,"href":"https:\/\/isef2-caba.infd.edu.ar\/sitio\/wp-json\/wp\/v2\/pages\/3504\/revisions"}],"predecessor-version":[{"id":5140,"href":"https:\/\/isef2-caba.infd.edu.ar\/sitio\/wp-json\/wp\/v2\/pages\/3504\/revisions\/5140"}],"wp:attachment":[{"href":"https:\/\/isef2-caba.infd.edu.ar\/sitio\/wp-json\/wp\/v2\/media?parent=3504"}],"curies":[{"name":"wp","href":"https:\/\/api.w.org\/{rel}","templated":true}]}}