{"id":2556,"date":"2020-08-28T13:12:50","date_gmt":"2020-08-28T16:12:50","guid":{"rendered":"https:\/\/isef2-caba.infd.edu.ar\/sitio\/?page_id=2556"},"modified":"2025-12-18T15:24:57","modified_gmt":"2025-12-18T18:24:57","slug":"examenes-finales-y-libres","status":"publish","type":"page","link":"https:\/\/isef2-caba.infd.edu.ar\/sitio\/examenes-finales-y-libres\/","title":{"rendered":"Ex\u00e1menes Finales y Libres"},"content":{"rendered":"<header class=\"entry-header\">\n<h1 class=\"entry-title\" style=\"text-align: center;\">Ex\u00e1menes finales y Libres FEBRERO 2026<\/h1>\n<\/header>\n<h4 dir=\"auto\" style=\"text-align: center;\">\u00a0<\/h4>\n<h2>INSCRIPCI\u00d3N PLAN 628 SSPLINED\/17 \u21922\/2\/2026 al 10\/2\/2026 a las 23.59hs (Anterior)<\/h2>\n<h2 style=\"text-align: left;\">INSCRIPCI\u00d3N PLAN Plan\u00a0 2666\/23 MEDGC \u21922\/2\/2026 al 10\/2\/2026 a las 23.59hs (Nuevo)<\/h2>\n<h2 class=\"entry-content\" style=\"text-align: center;\">Se realizar\u00e1 a trav\u00e9s del <a href=\"https:\/\/guarani-autogestionfdocente.bue.edu.ar\/\">SIU GUARAN\u00cd\u00a0<\/a><span style=\"font-size: 16px;\"> \u00a0<\/span><\/h2>\n<p style=\"text-align: center;\">\u00a0<\/p>\n<h3>Revis\u00e1 en tu perfil de SIU arriba a la derecha que est\u00e9s dentro de la propuesta que est\u00e1s cursando. Ej: Plan 2023 (nuevo) la propuesta es BB. Plan 628\/17 (anterior) la propuesta es B. Es importante que te inscribas en la mesa de la propuesta correspondiente. Si no la encontr\u00e1s presentate en BEDELIA los d\u00edas 9 y 10\/2 para poder corregir cualquier situaci\u00f3n. (No se modificar\u00e1n inscripciones luego del 10\/2)<\/h3>\n<h3>Durante el per\u00edodo de inscripci\u00f3n en SIU podr\u00e1s darte de baja en alg\u00fan examen si te inscribiste por error o quer\u00e9s modificar el turno. La condici\u00f3n es que tengas los requisitos de ingreso completos (t\u00edtulo secundario). En el caso que no los tengas el sistema no te permitir\u00e1 hacer cambios. Si te ocurre esto, tendr\u00e1s que acercarte a bedel\u00eda a presentar\u00a0el T\u00edtulo Secundario hasta el 10\/2<\/h3>\n<h3>Deber\u00e1s inscribirte en la mesa que corresponda al turno y curso en el que la cursaste durante 2025 (materias cuatrimestrales y anuales). Si te inscrib\u00eds en una mesa equivocada y no te pudiste dar de baja durante el per\u00edodo de inscripci\u00f3n, la \u00faltima oportunidad para corregirlo es en forma presencial los d\u00edas lunes 9 y martes 10\/2 en bedelia. Si no es as\u00ed perder\u00e1s la posibilidad de rendir en el turno de Febrero.<\/h3>\n<h3>En el caso que hayas cursado la materia en el 2024 o antes, podr\u00e1s inscribirte en cualquier mesa y turno.<\/h3>\n<div class=\"text_exposed_show\" style=\"text-align: left;\">\n<h4>Requisitos y condiciones:<\/p>\n<\/h4>\n<div>\n<h3 style=\"text-align: center;\">Horarios de examen: (deber\u00e1n estar presentes a la hora que se detalla)<br \/>Turno ma\u00f1ana: 8.30hs<br \/>Turno Tarde: 13.30hs<br \/>Turno Vespertino: 18.30hs<\/p>\n<p><strong>Nataci\u00f3n:\u00a0 Martes y Mi\u00e9rcoles<\/strong><br \/>Turno Ma\u00f1ana:\u00a0 13.00hs (Colegio H. Vieytes)<br \/>Turno Tarde:\u00a0\u00a09.00hs\u00a0 (Colegio H. Vieytes)<\/h3>\n<h3 style=\"text-align: center;\">Vespertino: ambos horarios\u00a0<\/h3>\n<div>\u00a0<\/div>\n<div>TODOS LOS EXAMENES SON PRESENCIALES.<\/div>\n<div>\u00a0<\/div>\n<h3 style=\"text-align: center;\"><strong>Presentarse a la mesa de examen con Libreta Estudiantil o DNI<\/strong><\/h3>\n<\/div>\n<h3 style=\"text-align: left;\">Cronograma de ex\u00e1menes :<\/h3>\n<h3>\u00a0<\/h3>\n<\/div>\n<div>\n<h1 style=\"text-align: center;\">INSCRIPCI\u00d3N A TRAV\u00c9S DE <a href=\"https:\/\/guarani-autogestionfdocente.bue.edu.ar\/\">SIU GUARAN\u00cd <\/a><\/h1>\n<p style=\"text-align: center;\">\u00a0<\/p>\n<\/div>\n","protected":false},"excerpt":{"rendered":"<p>Ex\u00e1menes finales y Libres FEBRERO 2026 \u00a0 INSCRIPCI\u00d3N PLAN 628 SSPLINED\/17 \u21922\/2\/2026 al 10\/2\/2026 a las 23.59hs (Anterior) INSCRIPCI\u00d3N PLAN Plan\u00a0 2666\/23 MEDGC \u21922\/2\/2026 al 10\/2\/2026 a las 23.59hs (Nuevo) Se realizar\u00e1 a trav\u00e9s del SIU GUARAN\u00cd\u00a0 \u00a0 \u00a0 Revis\u00e1 en tu perfil de SIU arriba a la derecha que est\u00e9s dentro de la propuesta &#8230; <a title=\"Ex\u00e1menes Finales y Libres\" class=\"read-more\" href=\"https:\/\/isef2-caba.infd.edu.ar\/sitio\/examenes-finales-y-libres\/\" aria-label=\"More on Ex\u00e1menes Finales y Libres\">[+]<\/a><\/p>\n","protected":false},"author":1587,"featured_media":0,"parent":0,"menu_order":0,"comment_status":"closed","ping_status":"closed","template":"","meta":[],"acf":[],"_links":{"self":[{"href":"https:\/\/isef2-caba.infd.edu.ar\/sitio\/wp-json\/wp\/v2\/pages\/2556"}],"collection":[{"href":"https:\/\/isef2-caba.infd.edu.ar\/sitio\/wp-json\/wp\/v2\/pages"}],"about":[{"href":"https:\/\/isef2-caba.infd.edu.ar\/sitio\/wp-json\/wp\/v2\/types\/page"}],"author":[{"embeddable":true,"href":"https:\/\/isef2-caba.infd.edu.ar\/sitio\/wp-json\/wp\/v2\/users\/1587"}],"replies":[{"embeddable":true,"href":"https:\/\/isef2-caba.infd.edu.ar\/sitio\/wp-json\/wp\/v2\/comments?post=2556"}],"version-history":[{"count":183,"href":"https:\/\/isef2-caba.infd.edu.ar\/sitio\/wp-json\/wp\/v2\/pages\/2556\/revisions"}],"predecessor-version":[{"id":5225,"href":"https:\/\/isef2-caba.infd.edu.ar\/sitio\/wp-json\/wp\/v2\/pages\/2556\/revisions\/5225"}],"wp:attachment":[{"href":"https:\/\/isef2-caba.infd.edu.ar\/sitio\/wp-json\/wp\/v2\/media?parent=2556"}],"curies":[{"name":"wp","href":"https:\/\/api.w.org\/{rel}","templated":true}]}}